or of 855975 and 339.
339
Calculate the highest common divisor of 28137 and 5763.
339
Calculate the greatest common factor of 129 and 6665.
43
What is the greatest common divisor of 3619 and 3179?
11
Calculate the greatest common factor of 417521 and 13.
13
What is the highest common factor of 34 and 1887?
17
Calculate the highest common divisor of 527305 and 2445.
815
Calculate the highest common divisor of 5421 and 351.
39
What is the highest common factor of 33464 and 1?
1
What is the highest common divisor of 60680 and 9176?
296
What is the highest common factor of 1598 and 14246?
34
Calculate the highest common factor of 7512 and 80.
8
Calculate the highest common factor of 652 and 2995940.
652
What is the greatest common divisor of 21002340 and 60?
60
What is the highest common divisor of 114 and 14782?
38
Calculate the greatest common divisor of 348037 and 872.
109
What is the highest common factor of 14482 and 557?
557
What is the greatest common divisor of 39655 and 462?
77
Calculate the highest common divisor of 5872 and 8.
8
Calculate the greatest common factor of 12084 and 2756.
212
What is the highest common factor of 2829192 and 48?
24
What is the highest common factor of 456 and 421458?
114
Calculate the highest common divisor of 258 and 147748.
86
Calculate the highest common divisor of 9476 and 463500.
412
What is the greatest common factor of 47 and 1031039?
47
Calculate the highest common factor of 184236 and 2.
2
Calculate the greatest common divisor of 24096 and 4704.
96
Calculate the highest common factor of 2464 and 12068.
28
What is the greatest common divisor of 7638 and 342?
114
Calculate the highest common factor of 20 and 275980.
20
What is the greatest common divisor of 9191 and 4368?
91
What is the highest common divisor of 1484 and 532?
28
Calculate the highest common factor of 7 and 38771.
1
Calculate the greatest common divisor of 33568 and 96.
32
Calculate the highest common factor of 733410 and 290.
290
What is the highest common factor of 120 and 8664?
24
What is the highest common factor of 740 and 17300?
20
Calculate the highest common divisor of 6 and 157362.
6
What is the greatest common divisor of 4001742 and 342?
342
What is the highest common factor of 513 and 15?
3
Calculate the highest common divisor of 13160 and 5600.
280
Calculate the highest common factor of 359924 and 948.
316
What is the highest common divisor of 350 and 23240?
70
Calculate the greatest common divisor of 115964 and 1641.
547
Calculate the highest common factor of 46602 and 270.
54
Calculate the highest common factor of 16026 and 78.
6
What is the greatest common divisor of 2242 and 590?
118
What is the greatest common factor of 499281 and 1269?
141
What is the highest common factor of 57355 and 5?
5
Calculate the highest common divisor of 295698 and 34.
34
Calculate the greatest common divisor of 35 and 5660.
5
Calculate the greatest common divisor of 6754 and 583.
11
Calculate the highest common divisor of 10 and 2777030.
10
Calculate the greatest common factor of 4642 and 158672.
422
Calculate the highest common factor of 29280 and 7770.
30
Calculate the highest common divisor of 1353560 and 137.
137
Calculate the greatest common factor of 270 and 63510.
30
What is the highest common divisor of 21238 and 98938?
518
Calculate the greatest common divisor of 17073 and 28.
7
Calculate the highest common factor of 53186 and 39382.
406
Calculate the highest common divisor of 668 and 70307.
167
Calculate the greatest common divisor of 312530 and 60.
10
What is the highest common divisor of 44480 and 28480?
320
Calculate the greatest common divisor of 298319 and 399.
133
Calculate the highest common factor of 366 and 1602.
6
What is the highest common divisor of 1379057 and 391?
391
Calculate the highest common divisor of 47 and 1651157.
47
Calculate the greatest common factor of 42 and 138642.
42
Calculate the highest common factor of 1635 and 468264.
327
Calculate the highest common factor of 55952 and 19968.
208
What is the highest common factor of 804 and 174870?
402
Calculate the greatest common factor of 83 and 170067.
83
Calculate the highest common divisor of 172002 and 66.
6
Calculate the highest common factor of 2259302 and 9482.
862
Calculate the highest common divisor of 171 and 1553.
1
What is the highest common divisor of 256 and 14768?
16
Calculate the highest common factor of 662320 and 34.
34
What is the highest common divisor of 50863 and 133?
19
Calculate the highest common factor of 21 and 900.
3
What is the greatest common factor of 108 and 33444?
36
Calculate the highest common factor of 64790 and 21945.
1045
Calculate the highest common divisor of 852 and 797046.
426
Calculate the greatest common divisor of 92928 and 9.
3
Calculate the greatest common divisor of 306246 and 2838.
258
Calculate the greatest common factor of 4277 and 4368.
91
What is the highest common divisor of 738897 and 852?
213
What is the greatest common factor of 126172 and 28?
4
Calculate the greatest common factor of 3450 and 167808.
138
Calculate the highest common divisor of 45032 and 312.
104
Calculate the highest common factor of 256 and 76928.
128
What is the greatest common factor of 23 and 175628?
23
What is the greatest common divisor of 1104 and 2896?
16
Calculate the greatest common factor of 474 and 6882.
6
Calculate the greatest common factor of 1528 and 399954.
382
What is the highest common factor of 241332 and 51?
51
What is the highest common divisor of 2130 and 497?
71
Calculate the highest common factor of 2023 and 37247.
119
Calculate the highest common factor of 59585 and 255.
85
What is the highest common divisor of 21252 and 9?
3
What is the greatest common factor of 153 and 3502?
17
Calculate the greatest common factor of 4446 and 1406.
38
What is the greatest common divisor of 256 and 10936?
8
Calculate the highest common factor of 11194 and 31652.
386
What is the greatest common factor of 767754 and 390?
78
What is the highest common divisor of 45 and 6793335?
45
Calculate the highest common divisor of 217790 and 25.
5
What is the highest common divisor of 1824 and 33288?
456
What is the greatest common factor of 195800 and 900?
100
What is the greatest common divisor of 784 and 57036?
196
Calculate the greatest common divisor of 2070 and 21850.
230
Calculate the highest common divisor of 154 and 6580.
14
What is the greatest common divisor of 460 and 32545?
115
Calculate the highest common factor of 2432 and 32167.
19
What is the greatest common divisor of 2329 and 31647?
137
Calculate the highest common divisor of 84399 and 21.
21
What is the highest common divisor of 295600 and 368?
16
Calculate the highest common factor of 5 and 22305.
5
Calculate the highest common factor of 98356 and 536.
268
What is the highest common divisor of 20 and 366610?
10
What is the greatest common factor of 10976 and 84224?
224
What is the greatest common divisor of 1490 and 1270?
10
What is the highest common divisor of 153345 and 15?
15
What is the highest common divisor of 1771 and 75187?
161
What is the greatest common factor of 117 and 9217?
13
Calculate the highest common divisor of 70900 and 150.
50
What is the highest common factor of 85745 and 6985?
55
Calculate the highest common factor of 55919 and 199.
199
Calculate the greatest common factor of 71270 and 840.
10
What is the highest common factor of 521020 and 478?
478
Calculate the greatest common factor of 174 and 213266.
58
Calculate the greatest common factor of 3870 and 144.
18
What is the highest common divisor of 12896 and 2336?
32
What is the highest common divisor of 8892 and 31692?
228
What is the greatest common factor of 385 and 352?
11
Calculate the greatest common factor of 114504 and 6968.
104
Calculate the highest common factor of 94288 and 32.
16
Calculate the greatest common factor of 51 and 1245539.
17
What is the highest common divisor of 1850 and 778850?
1850
Calculate the greatest common divisor of 13310 and 649770.
1210
What is the greatest common factor of 612035 and 1635?
545
Calculate the highest common factor of 11140 and 380.
20
Calculate the greatest common factor of 14651 and 11753.
161
Calculate the greatest common divisor of 9240 an